me?
False
Is 37022077 composite?
True
Is 322807 prime?
True
Is 7092367 composite?
False
Is 329138 a prime number?
False
Is 228867895 composite?
True
Is 38732593 composite?
True
Is 15821759 a prime number?
True
Is 4203417 a composite number?
True
Is 494987 a composite number?
False
Is 11382089 a composite number?
False
Is 122881 composite?
True
Is 7397969 a composite number?
True
Is 356113141 a composite number?
False
Is 41974859 a composite number?
False
Is 579427 a prime number?
True
Is 286256995 prime?
False
Is 10414479 prime?
False
Is 81511211 a prime number?
True
Is 117201443 prime?
False
Is 2243663 a prime number?
True
Is 24753749 prime?
True
Is 146777 composite?
False
Is 1035889 a prime number?
False
Is 1069847 a prime number?
False
Is 10271879 a prime number?
True
Is 153582413 a prime number?
True
Is 22874821 a prime number?
True
Is 1629559717 prime?
True
Is 1065931 prime?
False
Is 6127831 prime?
True
Is 5416369 a prime number?
False
Is 5010807 a composite number?
True
Is 1686709 composite?
True
Is 174222479 a composite number?
False
Is 69637319 a prime number?
True
Is 5527531 a prime number?
True
Is 4127335 a prime number?
False
Is 94106741 a prime number?
True
Is 50855351 a prime number?
True
Is 6692383 a prime number?
True
Is 276137 prime?
True
Is 696013 composite?
True
Is 962444114 a composite number?
True
Is 659461 a prime number?
False
Is 878279 a composite number?
False
Is 53573573 a prime number?
False
Is 572989429 composite?
False
Is 850517 composite?
True
Is 20209 composite?
True
Is 1335207 a prime number?
False
Is 325335937 prime?
True
Is 790009349 composite?
False
Is 588274439 a prime number?
False
Is 6803177 prime?
True
Is 24538027 a prime number?
True
Is 9971681 composite?
False
Is 85318307 a composite number?
True
Is 1258225721 composite?
False
Is 514510547 a composite number?
True
Is 231394277 a composite number?
True
Is 39289099 composite?
False
Is 3384895 a prime number?
False
Is 35695841 a composite number?
True
Is 8297381 composite?
True
Is 137614551 prime?
False
Is 13673665 prime?
False
Is 8181583 composite?
True
Is 3494086 composite?
True
Is 9840349 a composite number?
False
Is 718202 composite?
True
Is 1493867 a composite number?
False
Is 6544831 prime?
True
Is 306044617 a composite number?
True
Is 1918241 prime?
False
Is 7938829 composite?
True
Is 1696859 a composite number?
False
Is 106271 composite?
True
Is 558846713 prime?
True
Is 409136487 a prime number?
False
Is 725303 composite?
False
Is 132351719 a composite number?
False
Is 18511099 composite?
False
Is 260202479 a prime number?
True
Is 673663 composite?
True
Is 37835893 composite?
True
Is 6479753 composite?
True
Is 24093595 a prime number?
False
Is 4192943 a prime number?
True
Is 946051 a prime number?
False
Is 506167 a prime number?
False
Is 506499137 a composite number?
False
Is 10989307 composite?
True
Is 61820637 prime?
False
Is 44712817 composite?
True
Is 28328459 a composite number?
False
Is 6126241 a composite number?
True
Is 993349 a prime number?
False
Is 530071 a composite number?
True
Is 1249663 prime?
False
Is 62812979 a composite number?
True
Is 1965266 a prime number?
False
Is 70905109 prime?
False
Is 124171 composite?
False
Is 159178413 composite?
True
Is 374307 composite?
True
Is 430983521 composite?
False
Is 9379199 composite?
False
Is 995051 a composite number?
False
Is 37541459 a composite number?
False
Is 223087 a composite number?
False
Is 594839 prime?
False
Is 3233123 a composite number?
True
Is 606531449 a prime number?
True
Is 23272069 a composite number?
True
Is 512117 composite?
True
Is 59694967 a composite number?
True
Is 15979979 a prime number?
True
Is 47721031 a composite number?
False
Is 19176523 composite?
False
Is 7334683 prime?
False
Is 77564771 prime?
True
Is 44686661 a composite number?
False
Is 63569557 composite?
True
Is 1097731 a prime number?
False
Is 22571013 prime?
False
Is 16560721 composite?
False
Is 68366063 a prime number?
False
Is 4041683 a composite number?
False
Is 939523 a composite number?
True
Is 10871071 composite?
False
Is 3761699 a prime number?
False
Is 75885047 a prime number?
False
Is 727117 composite?
True
Is 94196657 a prime number?
True
Is 165162509 prime?
True
Is 100216157 composite?
False
Is 12124423 composite?
False
Is 3488543 a composite number?
False
Is 68612977 a prime number?
False
Is 522211 prime?
True
Is 27530441 prime?
True
Is 95742139 composite?
False
Is 5228813 prime?
True
Is 29568101 prime?
True
Is 56031737 composite?
False
Is 51798977 prime?
False
Is 10334669 composite?
False
Is 385471 a composite number?
False
Is 12714314 composite?
True
Is 607208737 a prime number?
False
Is 3768677 a prime number?
False
Is 704071415 prime?
False
Is 225534643 a prime number?
True
Is 281633273 a composite number?
True
Is 9257317 composite?
False
Is 4548797 a composite number?
True
Is 18306901 prime?
False
Is 11141933 a prime number?
False
Is 32768453 a prime number?
True
Is 57329497 a composite number?
False
Is 361813 prime?
False
Is 24089447 composite?
False
Is 39231161 a prime number?
False
Is 5388703 composite?
True
Is 92112389 composite?
False
Is 2831141 a composite number?
False
Is 46497419 prime?
False
Is 84522191 prime?
False
Is 65254621 composite?
False
Is 6532601 prime?
True
Is 2766949 prime?
False
Is 22197082 a composite number?
True
Is 23531117 prime?
True
Is 1027111 prime?
False
Is 26989343 a composite number?
True
Is 28103077 composite?
False
Is 172325471 prime?
True
Is 2236099 a composite number?
True
Is 7958939 prime?
False
Is 41877661 prime?
False
Is 2216239 prime?
False
Is 3538291 composite?
True
Is 6179681 prime?
True
Is 1329269 composite?
False
Is 6238019 a composite number?
True
Is 18042581 a prime number?
True
Is 431972743 prime?
False
Is 57587847 a composite number?
True
Is 3908119 a composite number?
False
Is 11412641 composite?
False
Is 13741709 a prime number?
True
Is 3597439 a composite number?
True
Is 2260237 prime?
False
Is 4323869 a composite number?
True
Is 111355 a composite number?
True
Is 310487 prime?
False
Is 2543371 a prime number?
True
Is 46999087 composite?
False
Is 76765037 prime?
False
Is 193997 prime?
False
Is 68022761 a prime number?
False
Is 107731 composite?
True
Is 456655 a composite number?
True
Is 9352133 prime?
False
Is 645599 prime?
True
Is 378977 a composite number?
False
Is 265087061 a composite number?
True
Is 103134289 a prime number?
True
Is 1140624655 prime?
False
Is 315311961 a composite number?
True
Is 388006747 a composite number?
True
Is 3326018 composite?
True
Is 43522807 prime?
True
Is 322727 a composite number?
False
Is 61464643 prime?
True
Is 115609 composite?
True
Is 51877571 a composite number?
False
Is 6724501 a prime number?
False
Is 48966173 a prime number?
False
Is 6923739 a prime number?
False
Is 575669 prime?
True
Is 44546777 prime?
False
Is 1040379 a composite number?
True
Is 3713789 a prime number?
True
Is 409993109 a prime number?
False
Is 1263169 a prime number?
False
Is 5163727 a composite number?
False
Is 366884377 a composite number?
True
Is 81016367 a prime number?
False
Is 10712059 prime?
True
Is 6753238 a prime number?
False
Is 433037 prime?
False
Is 2692208663 a composite number?
False
Is 490687 prime?
False
Is 15043687 a prime number?
False
Is 4307743 composite?
True
Is 389761 a composite number?
False
Is 318048097 a prime number?
False
Is 263281 prime?
False
Is 98237 a composite number?
True
Is 417809893 prime?
True
Is 1042603543 composite?
False
Is 10659637 a prime number?
True
Is 305971727 a prime number?
True
Is 61564037 prime?
True
Is 8840987 a composite number?
False
Is 4947181 composite?
False
Is 45119 a composite number?
False
Is 1167069 composite?
True
Is 52513 prime?
False
Is 80915959 composite?
True
Is 20921279 prime?
False
Is 171728119 a prime number?
False
Is 48700283 a prime number?
True
Is 4486273 composite?
True
Is 180761501 a composite number?
True
Is 74377 a composite number?
False
Is 609143 prime?
True
Is 2072467 prime?
True
Is 870391 prime?
True
Is 1736639 prime?
True
Is 824563 composite?
False
Is 2113187 composite?
False
Is 10016941 a composite number?
True
Is 45450211 prime?
True
Is 862387 composite?
False
Is 10441843 a prime number?
True
Is 22711639 composite?
False
Is 24048293 prime?
Tr